prime factors of (3 - -1)/(a*2/(-252))?
2, 3, 7
Suppose 59443 = 14*n - 10291. Suppose -11291 = -18*b + n. List the prime factors of b.
2, 113
Let h(q) = -q**3 + 14*q**2 + 3*q - 35. Let x be h(14). Suppose -8*o = x*o - 1170. What are the prime factors of o?
2, 3, 13
Suppose 8*t + 4*t = 72. Let y be 28/6 - (-1)/(t/(-4)). Suppose -3*g = p - 6*g - 181, -g + 737 = y*p. List the prime factors of p.
2, 23
Let f(s) = -s**3 + 57*s**2 + 13*s - 139. List the prime factors of f(24).
19181
Suppose 3*z = -3*g - 2*z - 97, -92 = 3*g + 4*z. Let m be -2 + (g/(-15))/((-2)/(-5)). Suppose m*b = b + 190. What are the prime factors of b?
2, 5, 19
Let b be (-24)/(-14) + 0 - 2/(-7). Suppose -b*q = 3*y - 48, 4*y + 96 = 4*q + y. Let g = 44 - q. What are the prime factors of g?
2, 5
Let y(i) = -i**3 - 13*i**2 - 12*i + 11. Let x = -47 - -35. Let a be y(x). List the prime factors of ((-14)/8)/(a/(-1364)).
7, 31
Suppose 88*x = 1367310 - 136366. What are the prime factors of x?
2, 13, 269
Let v(f) = -8*f + 80. Suppose -12 = 4*d - 3*h + 50, -38 = 2*d + 2*h. List the prime factors of v(d).
2, 3
What are the prime factors of 19211 + (((-273)/45)/(-7) - (-24)/180)?
2, 3, 1601
Let x = -72375 + 110492. List the prime factors of x.
47, 811
Let c(f) = -f**3 + f**2 - f - 8. Let x(q) = q**2 + 19*q - 5. Let l be x(-19). Let i be c(l). Suppose 2*s - i = -s. List the prime factors of s.
7
Let h(n) = -8*n**2 + 1852. Let l be h(0). Suppose -28*b + 13100 + l = 0. What are the prime factors of b?
2, 3, 89
Suppose -12*x = -22 - 26. What are the prime factors of 12*((-15)/x)/((-27)/180)?
2, 3, 5
What are the prime factors of ((-10)/(-3))/((-85)/(-444618))?
2, 3, 1453
Let r(c) = -3 + 21*c**2 + 7*c + 4 - 10*c. What are the prime factors of r(-7)?
1051
Suppose -2*i + 5*o + 1004 = 131, 900 = 2*i + 4*o. Suppose -4*x - i + 2425 = h, 3*h = -3*x + 1497. List the prime factors of x.
2, 13, 19
Suppose -1942 = 8*s - 5782. Suppose 0 = -0*t + 5*t - s. Let l = t + -46. What are the prime factors of l?
2, 5
Let d be (32/15 - 2) + (-12)/90. Suppose 2*m - 4*m + 476 = d. Let o = m - 125. List the prime factors of o.
113
Let o(l) = 37*l**2 - 13*l - 1362. List the prime factors of o(-24).
2, 3, 11, 307
Let f(k) = 15*k**2 - 127*k + 1189. List the prime factors of f(-51).
46681
List the prime factors of 27 - (696375/(-15) - -16).
2, 13, 19, 47
Let r = 164 - -29. Let u = 254 - r. List the prime factors of u.
61
Let z(j) be the second derivative of j**4/12 + 17*j**3/6 - 97*j**2/2 - 92*j. What are the prime factors of z(-31)?
337
Suppose -32*t + 52 = 20*t. Let k(w) = -21*w**3 - 2*w**2 - 3*w. Let p(f) = 11*f**3 + f**2 + 2*f. Let n(i) = -3*k(i) - 5*p(i). What are the prime factors of n(t)?
2
Let p(o) = 3700*o**2 + 1004*o + 3. What are the prime factors of p(-4)?
11, 29, 173
Let z be (2 + -3 + 4 + -20)*-1. Suppose -164 = -z*f + 8013. What are the prime factors of f?
13, 37
Suppose -5*l = 4*q - 4651, 2*q - 3*q = 4*l - 1149. List the prime factors of q.
7, 167
Let j(q) = -15*q - 40*q**2 + 89*q**2 + 117*q**2 + 25 + 18*q**2. What are the prime factors of j(2)?
17, 43
Let u(v) = v**2 + 22*v + 31. Let q be u(-20). Let p be (-1006)/q + (-4)/(-18). Suppose 6*r = p - 22. List the prime factors of r.
3, 5
Let s(v) be the second derivative of -71*v**3/6 + 36*v**2 - 34*v. List the prime factors of s(-5).
7, 61
Let p(n) = 9*n - 31. Let y be p(3). List the prime factors of 777 + 3 + y - (-1 - -5).
2, 193
Let f(v) = -v**2 - 13*v - 7. Let o be f(-12). Let b(h) = 51*h - 42. What are the prime factors of b(o)?
3, 71
Let l(m) be the first derivative of m**4/2 + 2*m**3 - m**2/2 - 3*m - 75. List the prime factors of l(4).
7, 31
Let w be (-2)/(-6) - 776*(-1)/3. Suppose -h - 4*k + k = -93, 3*h + 5*k = w. Suppose h - 210 = -3*g. List the prime factors of g.
2, 11
Let q(j) = 25*j**2 + 238*j + 5128. List the prime factors of q(-26).
2, 3, 5, 11
Suppose 45472 = 25*s - 48042 + 25289. List the prime factors of s.
2729
Suppose 216*y = -241*y + 30*y + 874069. What are the prime factors of y?
23, 89
Let x(i) = -5*i**2 + 17*i - 16. Let t(o) = 4*o**2 - 17*o + 16. Let l(z) = 3*t(z) + 2*x(z). Let b be l(7). List the prime factors of ((-114)/b)/((-30)/(-225)).
3, 19
Suppose 10*h = 3*h + 2058. Let i = -143 + h. Let j = 238 - i. List the prime factors of j.
3, 29
Let g(r) be the second derivative of 31*r**3/6 + 29*r**2/2 - 11*r. List the prime factors of g(5).
2, 23
Suppose d + 1270 = 4*y - 13489, -y + 3686 = d. What are the prime factors of 2/8 - y/56*-2?
2, 3, 11
Suppose -5*c = -x + 7711, 54*x - 2*c = 49*x + 38532. What are the prime factors of x?
2, 3853
Let i(u) = 28*u**3 + 5*u**2 + 7*u + 25. Let k be i(-5). Let m = -1780 - k. List the prime factors of m.
3, 5, 107
Suppose 4*a - 47550 = -3*m + 25*a, -m + 2*a = -15825. What are the prime factors of m?
5, 3163
Suppose 213990 = 244*g - 174*g. What are the prime factors of g?
3, 1019
Let b = 0 + -34. Let d = b + 37. What are the prime factors of (118 - -2) + -4 + d?
7, 17
Let a(w) = -4*w**2 - 14*w - 9*w**2 + 7 - w**3 + 4*w + 2*w**2. Let l be a(-10). Suppose o = h - 87, 10*h - 256 = l*h - 2*o. List the prime factors of h.
2, 43
Let k be (-55)/44 + (-1870)/8. Let o = k + 433. List the prime factors of o.
2, 3, 11
Suppose 86941 = 3*j - 2227*h + 2231*h, 115849 = 4*j - 5*h. List the prime factors of j.
3, 29, 37
Suppose 2*n = 13*s - 367504, 90*s + 2*n + 56534 = 92*s. What are the prime factors of s?
2, 5, 11, 257
Let r(m) = 131*m**2 + 222*m + 3080. List the prime factors of r(-15).
5, 7, 167
Let a be 142/(44/28 + (-6)/(-14)). Let z = a + -69. Let f(k) = k + 5. What are the prime factors of f(z)?
7
Let r be 2273 - 2 - (4 - 11). Suppose 690 = 2*p - 2*a - 440, 4*p + 5*a = r. What are the prime factors of p?
3, 7
Let d(q) = 3*q**2 - 16*q + 63. Let u(w) = -2*w**2 + 17*w - 20. Let c be u(6). List the prime factors of d(c).
7, 29
Let c(n) = -237*n - 14. Let o be c(-4). Suppose 0 = -10*u + 14*u - 3*v - o, -5*u + 2*v = -1171. What are the prime factors of u?
5, 47
Suppose -5*y - 2*l - 2 = 0, -4*y + 5*y = l + 1. Suppose -8*f + 12*f = y. Suppose r - 4 = f, -2*d + 7*d + 2*r - 313 = 0. List the prime factors of d.
61
Let o(p) = -12*p - 252. Let h be o(16). Let y = -344 - h. What are the prime factors of y?
2, 5
Let g(j) = -193*j**3 - j**2 + 2*j - 2. Suppose -2*w = -2*z - 5 - 1, -5*z + w + 1 = 0. Let a be g(z). Let b = a + 343. List the prime factors of b.
149
Let r(g) = 4*g**2 - 28*g - 43. Let n be 11/((-22)/(-24)) - 36/(-9). What are the prime factors of r(n)?
13, 41
Suppose -3*r + 2*a - 96 = 0, a + 0*a = -3*r - 87. Let d be 708/8*24/18. Let v = d - r. List the prime factors of v.
2, 37
Let z(j) = -j**3 + 6*j**2 + 6*j + 2. Let w be z(6). Suppose -456 = -w*m + 34*m. List the prime factors of m.
2, 3, 19
Suppose -16 = -5*w + 19. Suppose -p - w*t = -2*t + 24, -4*p - 159 = -t. Let i = 80 + p. List the prime factors of i.
41
Let u be 28/(-3)*(-9)/2. Let v be (75/(-6) + 1)*-2. Suppose -z = -u - v. What are the prime factors of z?
5, 13
Let i = 31440 + -10103. List the prime factors of i.
19, 1123
What are the prime factors of (1*1/(-4) - (-171362)/1128)*213?
5, 7, 13, 71
Suppose 3*o = -3*k + 2*o + 15940, 3*k + 4*o = 15952. List the prime factors of k.
2, 83
Let t(d) = -228 - 47*d**2 + 93*d**2 + 2*d - 45*d**2. Let f be t(0). List the prime factors of (-2)/((-10)/(-3)) - f/5.
3, 5
Suppose 1274*q - 1272*q + 2*r - 20644 = 0, -5*q = 3*r - 51606. What are the prime factors of q?
2, 3, 5, 43
Suppose 5*v - 19 = -3*a, a = -3*v - 2*v + 3. Suppose 4*l - 31 = 3*h, h + a = -3*l + 4*l. What are the prime factors of (-22)/(-4) + l/(-14)?
5
Suppose 5*z - 4*h = 5873, 954*z - 959*z - 3*h = -5859. List the prime factors of z.
3, 17, 23
Suppose 10*p - 3196 = 2274. What are the prime factors of p?
547
Let r be ((-22)/(-6))/11 + 38/(-6). Let c(s) = 80*s + 29. Let h be c(8). What are the prime factors of 2 + (h/6 - (-9)/r)?
2, 7
List the prime factors of 5 + 34118 - (4/3)/((-60)/90).
3, 5, 7, 13
Suppose -6*l + 11624 + 15304 = 0. What are the prime factors of (-35)/(-2)*l/77?
2, 3, 5, 17
Let w(x) = 817*x + 4850. What are the prime factors of w(19)?
3, 6791
Suppose 3*v = -4*j + 9101, 9*j - 9145 = -3*v + 16*j. List the prime factors of v.
3, 1013
Let b = -32 - -53. Suppose -4*r - b = -3*a, -r = 4*a + 4*r + 3. Suppose -3*j + a*c + 261 = 4*c, 0 = -j - 5*